{"id":4278,"date":"2022-11-11T10:46:56","date_gmt":"2022-11-11T09:46:56","guid":{"rendered":"https:\/\/automonitoring.online\/web\/?post_type=product&#038;p=4278"},"modified":"2023-07-13T13:49:37","modified_gmt":"2023-07-13T12:49:37","slug":"obd_z","status":"publish","type":"product","link":"https:\/\/automonitoring.online\/web\/?product=obd_z","title":{"rendered":"K ro\u010dn\u00e9mu bal\u00edku \u2013 OBD gps zariadenie ZADARMO"},"content":{"rendered":"<p><strong>Pri ro\u010dnej platbe z\u00edskavate GPS zariadenie zadarmo.<\/strong>\u00a0<strong>Cena GPS zariadenia s ro\u010dnou EU prev\u00e1dzkou je 99\u20ac<\/strong><\/p>\n<p>Bal\u00edk OBD je jednoduch\u00e1 vo\u013eba, poskytuje v\u0161etky modern\u00e9 funkcie GPS monitorovania. Pon\u00faka komplexn\u00fd preh\u013ead o vozidle a samozrejmos\u0165ou je automatick\u00e1 kniha j\u00e1zd. Obsahuje GPS zariadenie a ro\u010dn\u00e9 online fungovanie.<\/p>\n<ul>\n<li>\n<ul>\n<li><strong>\u010co vie monitorova\u0165 GPS OBD?<\/strong>\n<ul>\n<li>zariadenie je vhodn\u00e9 pre osobn\u00e9 a n\u00e1kladn\u00e9 vozidl\u00e1, karavany&#8230;.v\u0161ade tam kde je OBD diagnostick\u00fd konektor.<\/li>\n<\/ul>\n<p><strong>Ako to funguje?<\/strong><\/p>\n<ul>\n<li>GPS zariadenie pripoj\u00edte do V\u00e1\u0161ho vozidla, prihl\u00e1site sa do syst\u00e9mu Automonitoring a vyu\u017e\u00edvate v\u0161etky funkcie monitorovania.<\/li>\n<\/ul>\n<p><strong>Ak\u00e9 s\u00fa hlavn\u00e9 v\u00fdhody?<\/strong><\/p>\n<ul>\n<li>viete kde sa pr\u00e1ve nach\u00e1dza Va\u0161e vozidlo, aktu\u00e1lnu r\u00fdchlos\u0165, smer jazdy,<\/li>\n<li>jednoduch\u00e9 a r\u00fdchle vyhotovenie elektronickej knihy j\u00e1zd a podkladov pre cestovn\u00e9 n\u00e1hrady,<\/li>\n<li>komplexn\u00fd preh\u013ead o re\u00e1lne najazden\u00fdch kilometroch V\u00e1m zabezpe\u010d\u00ed v\u00fdrazn\u00fa \u00fasporu na pohonn\u00fdch hmot\u00e1ch,<\/li>\n<li>automatick\u00e9 upozornenia na servisn\u00e9 intervaly, term\u00edny STK, poistiek a podobne.<\/li>\n<\/ul>\n<\/li>\n<\/ul>\n<\/li>\n<\/ul>\n","protected":false},"excerpt":{"rendered":"<p>Bal\u00edk automonitoring Smart OBD s pau\u0161\u00e1lom na 12mesiacov.<\/p>\n<p>Samoin\u0161tala\u010dn\u00fd bal\u00edk.<\/p>\n","protected":false},"featured_media":2016,"template":"","meta":{"_seopress_robots_primary_cat":"none","_seopress_titles_title":"OBD + pau\u0161\u00e1l - Automonitoring","_seopress_titles_desc":"","_seopress_robots_index":""},"product_cat":[56],"product_tag":[],"class_list":{"0":"post-4278","1":"product","2":"type-product","3":"status-publish","4":"has-post-thumbnail","6":"product_cat-gps","8":"first","9":"instock","10":"sale","11":"taxable","12":"shipping-taxable","13":"purchasable","14":"product-type-simple"},"_links":{"self":[{"href":"https:\/\/automonitoring.online\/web\/index.php?rest_route=\/wp\/v2\/product\/4278","targetHints":{"allow":["GET"]}}],"collection":[{"href":"https:\/\/automonitoring.online\/web\/index.php?rest_route=\/wp\/v2\/product"}],"about":[{"href":"https:\/\/automonitoring.online\/web\/index.php?rest_route=\/wp\/v2\/types\/product"}],"version-history":[{"count":3,"href":"https:\/\/automonitoring.online\/web\/index.php?rest_route=\/wp\/v2\/product\/4278\/revisions"}],"predecessor-version":[{"id":5049,"href":"https:\/\/automonitoring.online\/web\/index.php?rest_route=\/wp\/v2\/product\/4278\/revisions\/5049"}],"wp:featuredmedia":[{"embeddable":true,"href":"https:\/\/automonitoring.online\/web\/index.php?rest_route=\/wp\/v2\/media\/2016"}],"wp:attachment":[{"href":"https:\/\/automonitoring.online\/web\/index.php?rest_route=%2Fwp%2Fv2%2Fmedia&parent=4278"}],"wp:term":[{"taxonomy":"product_cat","embeddable":true,"href":"https:\/\/automonitoring.online\/web\/index.php?rest_route=%2Fwp%2Fv2%2Fproduct_cat&post=4278"},{"taxonomy":"product_tag","embeddable":true,"href":"https:\/\/automonitoring.online\/web\/index.php?rest_route=%2Fwp%2Fv2%2Fproduct_tag&post=4278"}],"curies":[{"name":"wp","href":"https:\/\/api.w.org\/{rel}","templated":true}]}}