{"id":5066,"date":"2024-01-17T23:48:41","date_gmt":"2024-01-17T22:48:41","guid":{"rendered":"https:\/\/automonitoring.online\/web\/?page_id=5066"},"modified":"2024-01-18T00:47:53","modified_gmt":"2024-01-17T23:47:53","slug":"cloud-a-serverove-sluzby","status":"publish","type":"page","link":"https:\/\/automonitoring.online\/web\/?page_id=5066","title":{"rendered":"CLOUD a Serverov\u00e9 slu\u017eby"},"content":{"rendered":"\t\t<div data-elementor-type=\"wp-page\" data-elementor-id=\"5066\" class=\"elementor elementor-5066\" data-elementor-post-type=\"page\">\n\t\t\t\t\t\t<div class=\"elementor-inner\">\n\t\t\t\t<div class=\"elementor-section-wrap\">\n\t\t\t\t\t\t\t<div class=\"elementor-element elementor-element-6931c0e e-flex e-con-boxed e-con e-parent\" data-id=\"6931c0e\" data-element_type=\"container\" data-settings=\"{&quot;jet_parallax_layout_list&quot;:[{&quot;jet_parallax_layout_image&quot;:{&quot;url&quot;:&quot;&quot;,&quot;id&quot;:&quot;&quot;,&quot;size&quot;:&quot;&quot;},&quot;_id&quot;:&quot;f6fac98&quot;,&quot;jet_parallax_layout_speed&quot;:{&quot;unit&quot;:&quot;%&quot;,&quot;size&quot;:50,&quot;sizes&quot;:[]},&quot;jet_parallax_layout_image_tablet&quot;:{&quot;url&quot;:&quot;&quot;,&quot;id&quot;:&quot;&quot;,&quot;size&quot;:&quot;&quot;},&quot;jet_parallax_layout_image_mobile&quot;:{&quot;url&quot;:&quot;&quot;,&quot;id&quot;:&quot;&quot;,&quot;size&quot;:&quot;&quot;},&quot;jet_parallax_layout_image_laptop&quot;:{&quot;url&quot;:&quot;&quot;,&quot;id&quot;:&quot;&quot;,&quot;size&quot;:&quot;&quot;},&quot;jet_parallax_layout_type&quot;:&quot;scroll&quot;,&quot;jet_parallax_layout_direction&quot;:null,&quot;jet_parallax_layout_fx_direction&quot;:null,&quot;jet_parallax_layout_z_index&quot;:&quot;&quot;,&quot;jet_parallax_layout_bg_x&quot;:50,&quot;jet_parallax_layout_bg_x_laptop&quot;:&quot;&quot;,&quot;jet_parallax_layout_bg_x_tablet&quot;:&quot;&quot;,&quot;jet_parallax_layout_bg_x_mobile&quot;:&quot;&quot;,&quot;jet_parallax_layout_bg_y&quot;:50,&quot;jet_parallax_layout_bg_y_laptop&quot;:&quot;&quot;,&quot;jet_parallax_layout_bg_y_tablet&quot;:&quot;&quot;,&quot;jet_parallax_layout_bg_y_mobile&quot;:&quot;&quot;,&quot;jet_parallax_layout_bg_size&quot;:&quot;auto&quot;,&quot;jet_parallax_layout_bg_size_laptop&quot;:&quot;&quot;,&quot;jet_parallax_layout_bg_size_tablet&quot;:&quot;&quot;,&quot;jet_parallax_layout_bg_size_mobile&quot;:&quot;&quot;,&quot;jet_parallax_layout_animation_prop&quot;:&quot;transform&quot;,&quot;jet_parallax_layout_on&quot;:[&quot;desktop&quot;,&quot;tablet&quot;]}],&quot;background_background&quot;:&quot;classic&quot;,&quot;content_width&quot;:&quot;boxed&quot;}\" data-core-v316-plus=\"true\">\n\t\t\t\t\t<div class=\"e-con-inner\">\n\t\t<div class=\"elementor-element elementor-element-f5cff2c e-con-full e-flex e-con e-child\" data-id=\"f5cff2c\" data-element_type=\"container\" data-settings=\"{&quot;content_width&quot;:&quot;full&quot;,&quot;jet_parallax_layout_list&quot;:[]}\">\n\t\t<div class=\"elementor-element elementor-element-872d400 e-con-full e-flex e-con e-child\" data-id=\"872d400\" data-element_type=\"container\" data-settings=\"{&quot;content_width&quot;:&quot;full&quot;,&quot;jet_parallax_layout_list&quot;:[]}\">\n\t\t\t\t<div class=\"elementor-element elementor-element-79eccb5 jet-breadcrumbs-align-left elementor-widget__width-auto elementor-widget elementor-widget-jet-breadcrumbs\" data-id=\"79eccb5\" data-element_type=\"widget\" data-widget_type=\"jet-breadcrumbs.default\">\n\t\t\t\t<div class=\"elementor-widget-container\">\n\t\t\t<div class=\"elementor-jet-breadcrumbs jet-blocks\">\n\t\t<div class=\"jet-breadcrumbs\">\n\t\t<div class=\"jet-breadcrumbs__content\">\n\t\t<div class=\"jet-breadcrumbs__wrap\"><div class=\"jet-breadcrumbs__item\"><a href=\"https:\/\/automonitoring.online\/web\/\" class=\"jet-breadcrumbs__item-link is-home\" rel=\"home\" title=\"\u00davod\">\u00davod<\/a><\/div>\n\t\t<\/div>\n\t\t<\/div>\n\t\t<\/div><\/div>\t\t<\/div>\n\t\t\t\t<\/div>\n\t\t\t\t<div class=\"elementor-element elementor-element-3360f6d elementor-widget elementor-widget-heading\" data-id=\"3360f6d\" data-element_type=\"widget\" data-widget_type=\"heading.default\">\n\t\t\t\t<div class=\"elementor-widget-container\">\n\t\t\t<h1 class=\"elementor-heading-title elementor-size-default\">CLOUD a Serverov\u00e9 slu\u017eby<\/h1>\t\t<\/div>\n\t\t\t\t<\/div>\n\t\t\t\t<\/div>\n\t\t\t\t<\/div>\n\t\t\t\t\t<\/div>\n\t\t\t\t<\/div>\n\t\t<div class=\"elementor-element elementor-element-10aaf8f e-flex e-con-boxed e-con e-parent\" data-id=\"10aaf8f\" data-element_type=\"container\" data-settings=\"{&quot;background_background&quot;:&quot;classic&quot;,&quot;jet_parallax_layout_list&quot;:[],&quot;shape_divider_top&quot;:&quot;curve&quot;,&quot;content_width&quot;:&quot;boxed&quot;}\" data-core-v316-plus=\"true\">\n\t\t\t\t\t<div class=\"e-con-inner\">\n\t\t\t\t<div class=\"elementor-shape elementor-shape-top\" data-negative=\"false\">\n\t\t\t<svg xmlns=\"http:\/\/www.w3.org\/2000\/svg\" viewBox=\"0 0 1000 100\" preserveAspectRatio=\"none\">\n    <path class=\"elementor-shape-fill\" d=\"M1000,4.3V0H0v4.3C0.9,23.1,126.7,99.2,500,100S1000,22.7,1000,4.3z\"\/>\n<\/svg>\t\t<\/div>\n\t\t<div class=\"elementor-element elementor-element-0ae45f0 shadow e-con-full e-flex e-con e-child\" data-id=\"0ae45f0\" data-element_type=\"container\" data-settings=\"{&quot;background_background&quot;:&quot;classic&quot;,&quot;content_width&quot;:&quot;full&quot;,&quot;jet_parallax_layout_list&quot;:[]}\">\n\t\t<div class=\"elementor-element elementor-element-9ee8f30 e-flex e-con-boxed e-con e-child\" data-id=\"9ee8f30\" data-element_type=\"container\" data-settings=\"{&quot;jet_parallax_layout_list&quot;:[],&quot;content_width&quot;:&quot;boxed&quot;}\">\n\t\t\t\t\t<div class=\"e-con-inner\">\n\t\t<div class=\"elementor-element elementor-element-c7fa182 e-flex e-con-boxed e-con e-child\" data-id=\"c7fa182\" data-element_type=\"container\" data-settings=\"{&quot;jet_parallax_layout_list&quot;:[],&quot;content_width&quot;:&quot;boxed&quot;}\">\n\t\t\t\t\t<div class=\"e-con-inner\">\n\t\t\t\t<div class=\"elementor-element elementor-element-2947a28 elementor-widget elementor-widget-heading\" data-id=\"2947a28\" data-element_type=\"widget\" data-widget_type=\"heading.default\">\n\t\t\t\t<div class=\"elementor-widget-container\">\n\t\t\t<h2 class=\"elementor-heading-title elementor-size-default\">Cloud Backup - z\u00e1lohujte, z\u00e1lohujte, z\u00e1lohujte!<\/h2>\t\t<\/div>\n\t\t\t\t<\/div>\n\t\t\t\t\t<\/div>\n\t\t\t\t<\/div>\n\t\t\t\t\t<\/div>\n\t\t\t\t<\/div>\n\t\t\t\t<div class=\"elementor-element elementor-element-34c83b3 elementor-widget elementor-widget-text-editor\" data-id=\"34c83b3\" data-element_type=\"widget\" data-widget_type=\"text-editor.default\">\n\t\t\t\t<div class=\"elementor-widget-container\">\n\t\t\t\t\t\t\t\t<div class=\"elementor-text-editor elementor-clearfix\">\n\t\t\t\t<p><strong>Z\u00e1lohujte svoje d\u00e1ta!<\/strong><\/p><p>Z\u00e1loha d\u00e1t, je jednou zo z\u00e1kladn\u00fdch ochr\u00e1n pred stratou alebo znehodnoten\u00edm Va\u0161ich d\u00f4le\u017eit\u00fdch \u00fadajov. Z\u00e1lohujte, \u010di u\u017e u n\u00e1s, alebo u in\u00e9ho spo\u013eahliv\u00e9ho poskytovate\u013ea, hlavne z\u00e1lohujte!<\/p><p><strong>\u010co je to slu\u017eba Cloud?<\/strong><\/p><p>Cloud je \u00falo\u017eisko pre Va\u0161e d\u00e1ta, ktor\u00e9 sp\u013a\u0148a najvy\u0161\u0161ie po\u017eiadavky na bezpe\u010dnos\u0165. Va\u0161e d\u00e1ta si na toto \u00falo\u017eisko uklad\u00e1te pomocou automatizovan\u00e9ho programu, ktor\u00fd rob\u00ed v\u0161etko za V\u00e1s a\u00a0vy sa o\u00a0ni\u010d nemus\u00edte stara\u0165. Ve\u013ekos\u0165 V\u00e1\u0161ho \u00falo\u017eiska m\u00f4\u017ee ma\u0165 a\u017e nieko\u013eko desiatok TB, tak\u017ee u\u017e V\u00e1m nikdy ned\u00f4jde miesto na disku.<\/p><p><strong>S\u00fa moje s\u00fabory v\u00a0bezpe\u010d\u00ed?<\/strong><\/p><p>V\u0161etky d\u00e1ta s\u00fa priebe\u017ene viacn\u00e1sobne z\u00e1lohovan\u00e9 a\u00a0je mo\u017en\u00e9 ich obnovi\u0165 nielen z\u00a0poslednej z\u00e1lohy, ale zo z\u00e1lohy starej aj nieko\u013eko t\u00fd\u017ed\u0148ov \u010di mesiacov. Takto s\u00fa d\u00e1ta chr\u00e1nen\u00e9 vo\u010di<\/p><ul><li>ransomware \u00fatok (zaheslovanie Va\u0161ich d\u00e1t),<\/li><li>n\u00e1hodn\u00e9 zmazanie d\u00e1t ,<\/li><li>rizik\u00e1m zlyhaniu V\u00e1\u0161ho lok\u00e1lneho po\u010d\u00edta\u010da,<\/li><li>\u00famyseln\u00e9 zmazanie d\u00e1t (napr\u00edklad \u00fatok zo strany zamestnanca).<\/li><\/ul><p>V\u0161etka prim\u00e1rna technol\u00f3gia je prev\u00e1dzkovan\u00e1 v datacentre \u0161tandardu TIER 4, s dostupnos\u0165ou\u00a0 slu\u017eieb\u00a0 99.998%<\/p><p>Va\u0161e d\u00e1ta bud\u00fa ulo\u017een\u00e9 na \u00falo\u017eisku, ktor\u00e9 je 6n\u00e1sobne z\u00e1lohovan\u00e9, pre zjednodu\u0161enie, je to ako by ste si v\u0161etky svoje d\u00e1ta nakop\u00edrovali na 6 r\u00f4znych USB k\u013e\u00fa\u010dov a n\u00e1sledne ulo\u017eili tieto USB k\u013e\u00fa\u010de do troch trezorov v r\u00f4znych mest\u00e1ch.<\/p><p><strong>Ako to zvl\u00e1dnem?<\/strong><\/p><ul><li>v\u0161etko V\u00e1m nastav\u00edme, nemus\u00edte sa o ni\u010d stara\u0165<\/li><li>sme st\u00e1le po ruke, ak treba, online vyrie\u0161ime probl\u00e9m<\/li><li>s na\u0161imi slu\u017ebami m\u00e1te IT technika po ruke<\/li><\/ul><p>\u00a0<\/p>\t\t\t\t\t<\/div>\n\t\t\t\t\t\t<\/div>\n\t\t\t\t<\/div>\n\t\t\t\t<div class=\"elementor-element elementor-element-c270922 elementor-widget elementor-widget-image\" data-id=\"c270922\" data-element_type=\"widget\" data-widget_type=\"image.default\">\n\t\t\t\t<div class=\"elementor-widget-container\">\n\t\t\t\t\t\t\t\t<div class=\"elementor-image\">\n\t\t\t\t\t\t\t\t\t\t\t\t<img fetchpriority=\"high\" decoding=\"async\" width=\"724\" height=\"1024\" src=\"https:\/\/automonitoring.online\/web\/wp-content\/uploads\/2024\/01\/Cloud_SK-724x1024.jpg\" class=\"attachment-large size-large wp-image-5077\" alt=\"\" srcset=\"https:\/\/automonitoring.online\/web\/wp-content\/uploads\/2024\/01\/Cloud_SK-724x1024.jpg 724w, https:\/\/automonitoring.online\/web\/wp-content\/uploads\/2024\/01\/Cloud_SK-212x300.jpg 212w, https:\/\/automonitoring.online\/web\/wp-content\/uploads\/2024\/01\/Cloud_SK-768x1086.jpg 768w, https:\/\/automonitoring.online\/web\/wp-content\/uploads\/2024\/01\/Cloud_SK-1086x1536.jpg 1086w, https:\/\/automonitoring.online\/web\/wp-content\/uploads\/2024\/01\/Cloud_SK-1448x2048.jpg 1448w, https:\/\/automonitoring.online\/web\/wp-content\/uploads\/2024\/01\/Cloud_SK-600x849.jpg 600w, https:\/\/automonitoring.online\/web\/wp-content\/uploads\/2024\/01\/Cloud_SK-scaled.jpg 1810w\" sizes=\"(max-width: 724px) 100vw, 724px\" \/>\t\t\t\t\t\t\t\t\t\t\t\t\t\t<\/div>\n\t\t\t\t\t\t<\/div>\n\t\t\t\t<\/div>\n\t\t\t\t<div class=\"elementor-element elementor-element-c07607e elementor-widget-divider--view-line elementor-widget elementor-widget-divider\" data-id=\"c07607e\" data-element_type=\"widget\" data-widget_type=\"divider.default\">\n\t\t\t\t<div class=\"elementor-widget-container\">\n\t\t\t\t\t<div class=\"elementor-divider\">\n\t\t\t<span class=\"elementor-divider-separator\">\n\t\t\t\t\t\t<\/span>\n\t\t<\/div>\n\t\t\t\t<\/div>\n\t\t\t\t<\/div>\n\t\t\t\t<div class=\"elementor-element elementor-element-9a7a931 elementor-widget elementor-widget-heading\" data-id=\"9a7a931\" data-element_type=\"widget\" data-widget_type=\"heading.default\">\n\t\t\t\t<div class=\"elementor-widget-container\">\n\t\t\t<h2 class=\"elementor-heading-title elementor-size-default\">Slu\u017eba Virtu\u00e1lny po\u010d\u00edta\u010d (server)<\/h2>\t\t<\/div>\n\t\t\t\t<\/div>\n\t\t\t\t<div class=\"elementor-element elementor-element-b674260 elementor-widget elementor-widget-text-editor\" data-id=\"b674260\" data-element_type=\"widget\" data-widget_type=\"text-editor.default\">\n\t\t\t\t<div class=\"elementor-widget-container\">\n\t\t\t\t\t\t\t\t<div class=\"elementor-text-editor elementor-clearfix\">\n\t\t\t\t<p>\u00a0<\/p><p>Pri tejto slu\u017ebe m\u00e1te u\u00a0n\u00e1s zabezpe\u010den\u00e9 nielen \u00falo\u017eisko, ale aj cel\u00fd po\u010d\u00edta\u010d .<\/p><p>O\u00a0cel\u00fa prev\u00e1dzku a\u00a0\u00fadr\u017ebu sa star\u00e1me my. Pre V\u00e1s to znamen\u00e1, \u017ee sa dok\u00e1\u017eete \u00faplne zbavi\u0165 probl\u00e9mov s\u00a0prev\u00e1dzkou po\u010d\u00edta\u010dov.<\/p><p><strong>Ako to funguje?<\/strong><\/p><p>V\u00e1\u0161 po\u010d\u00edta\u010d, za ktor\u00fdm sed\u00edte, sl\u00fa\u017ei len ako vstupn\u00e1 br\u00e1na do vzdialenej pracovnej plochy, \u00a0kde m\u00e1te v\u0161etky va\u0161e programy a\u00a0\u00fadaje. Sp\u00f4sob pou\u017e\u00edvania PC je tak\u00fd ist\u00fd, ni\u010d sa pre V\u00e1s nemen\u00ed. V\u0161etky inform\u00e1cie sa ukladaj\u00fa na servery, kde s\u00fa v\u00a0bezpe\u010d\u00ed a\u00a0neust\u00e1le k\u00a0dispoz\u00edci\u00ed.<\/p><p><strong>Ak\u00e9 to m\u00e1 v\u00fdhody?<\/strong><\/p><p>M\u00f4\u017eete pracova\u0165 kdeko\u013evek a\u00a0kedyko\u013evek z\u00a0ak\u00e9hoko\u013evek miesta (pr\u00e1ca z\u00a0domu, pracovn\u00e1 cesta,\u2026).<\/p><p>Pr\u00edstup k\u00a0v\u00e1\u0161mu po\u010d\u00edta\u010du, programom a \u00fadajom m\u00e1te aj z\u00a0mobiln\u00e9ho telef\u00f3nu a\u00a0tabletu.<\/p><p>V\u00fdkon V\u00e1\u0161ho lok\u00e1lneho po\u010d\u00edta\u010da m\u00f4\u017ee by\u0165 minim\u00e1lny.<\/p><p>Nemus\u00edte sa stara\u0165 o\u00a0z\u00e1lohovanie a\u00a0ochranu d\u00e1t.<\/p><p>Nemus\u00edte sa stara\u0165 o\u00a0\u00fadr\u017ebu a\u00a0zabezpe\u010denie Va\u0161ich lok\u00e1lnych po\u010d\u00edta\u010dov.<\/p><p>Ak vyu\u017e\u00edvate software, ktor\u00fd je licencovan\u00fd len na jedno PC, m\u00f4\u017ee ho vyu\u017e\u00edva\u0165 viacero pou\u017e\u00edvate\u013eov na r\u00f4znych miestach (nie v\u0161ak viacero pou\u017e\u00edvate\u013eov naraz)<\/p><p>Pou\u017e\u00edvate star\u0161ie programy, ktor\u00e9 nie s\u00fa podporovan\u00e9 modern\u00fdmi opera\u010dn\u00fdmi syst\u00e9mami? Vieme V\u00e1m spust\u00ed\u0165 star\u0161ie ed\u00edcie windows bezpe\u010dne a spo\u013eahlivo, pokojne aj Windows7, Windows XP, alebo in\u00e9, dnes u\u017e nepodporovan\u00e9 syst\u00e9my.<\/p><p><strong>Rastieme s\u00a0Va\u0161imi n\u00e1rokmi<\/strong>,<\/p><p>Ak Va\u0161e n\u00e1roky st\u00fapnu (rozrast\u00e1te sa alebo ste za\u010dali pou\u017e\u00edva\u0165 zlo\u017eitej\u0161ie \u00a0programy s\u00a0vy\u0161\u0161\u00edmi n\u00e1rokmi na v\u00fdkon po\u010d\u00edta\u010da), nesp\u00f4sob\u00ed to \u017eiaden probl\u00e9m, ke\u010f\u017ee dok\u00e1\u017eeme v\u00fdkon zv\u00fd\u0161i\u0165 na po\u010dkanie.<\/p><p>M\u00e1te k\u00a0dispoz\u00edci\u00ed verejn\u00fa IP adresu.<\/p><p>D\u00e1ta s\u00fa z\u00e1lohovan\u00e9 rovnak\u00fdm sp\u00f4sobom ako v\u00a0pr\u00edpade slu\u017eby Cloud.<\/p><p>Technol\u00f3gia je prev\u00e1dzkovan\u00e1 v\u00a0datacentre \u0161tandardu TIER 4 a pl\u00e1novan\u00e1 dostupnos\u0165 slu\u017eieb je 99.998%.<\/p><p><strong>Ak\u00fd bude postup?<\/strong><\/p><p>V\u0161etky d\u00e1ta, nastavenia, programy skop\u00edrujeme z V\u00e1\u0161ich lok\u00e1lnych po\u010d\u00edta\u010dov a nahr\u00e1me na server.<\/p>\t\t\t\t\t<\/div>\n\t\t\t\t\t\t<\/div>\n\t\t\t\t<\/div>\n\t\t\t\t<div class=\"elementor-element elementor-element-7365bce elementor-widget elementor-widget-image\" data-id=\"7365bce\" data-element_type=\"widget\" data-widget_type=\"image.default\">\n\t\t\t\t<div class=\"elementor-widget-container\">\n\t\t\t\t\t\t\t\t<div class=\"elementor-image\">\n\t\t\t\t\t\t\t\t\t\t\t\t<img decoding=\"async\" width=\"800\" height=\"415\" src=\"https:\/\/automonitoring.online\/web\/wp-content\/uploads\/2024\/01\/datacenter-1024x531.jpg\" class=\"attachment-large size-large wp-image-5084\" alt=\"\" srcset=\"https:\/\/automonitoring.online\/web\/wp-content\/uploads\/2024\/01\/datacenter-1024x531.jpg 1024w, https:\/\/automonitoring.online\/web\/wp-content\/uploads\/2024\/01\/datacenter-300x155.jpg 300w, https:\/\/automonitoring.online\/web\/wp-content\/uploads\/2024\/01\/datacenter-768x398.jpg 768w, https:\/\/automonitoring.online\/web\/wp-content\/uploads\/2024\/01\/datacenter-1536x796.jpg 1536w, https:\/\/automonitoring.online\/web\/wp-content\/uploads\/2024\/01\/datacenter-600x311.jpg 600w, https:\/\/automonitoring.online\/web\/wp-content\/uploads\/2024\/01\/datacenter.jpg 1964w\" sizes=\"(max-width: 800px) 100vw, 800px\" \/>\t\t\t\t\t\t\t\t\t\t\t\t\t\t<\/div>\n\t\t\t\t\t\t<\/div>\n\t\t\t\t<\/div>\n\t\t\t\t<div class=\"elementor-element elementor-element-6fa7405 elementor-widget-divider--view-line elementor-widget elementor-widget-divider\" data-id=\"6fa7405\" data-element_type=\"widget\" data-widget_type=\"divider.default\">\n\t\t\t\t<div class=\"elementor-widget-container\">\n\t\t\t\t\t<div class=\"elementor-divider\">\n\t\t\t<span class=\"elementor-divider-separator\">\n\t\t\t\t\t\t<\/span>\n\t\t<\/div>\n\t\t\t\t<\/div>\n\t\t\t\t<\/div>\n\t\t\t\t<div class=\"elementor-element elementor-element-0c0b43e elementor-widget elementor-widget-heading\" data-id=\"0c0b43e\" data-element_type=\"widget\" data-widget_type=\"heading.default\">\n\t\t\t\t<div class=\"elementor-widget-container\">\n\t\t\t<h2 class=\"elementor-heading-title elementor-size-default\">E-mail servery, Web servery, SMS br\u00e1na<\/h2>\t\t<\/div>\n\t\t\t\t<\/div>\n\t\t\t\t<div class=\"elementor-element elementor-element-827c790 elementor-widget elementor-widget-text-editor\" data-id=\"827c790\" data-element_type=\"widget\" data-widget_type=\"text-editor.default\">\n\t\t\t\t<div class=\"elementor-widget-container\">\n\t\t\t\t\t\t\t\t<div class=\"elementor-text-editor elementor-clearfix\">\n\t\t\t\t<p><strong>E-mail<\/strong><\/p><p>Poskytujeme slu\u017ebu Email server, ak potrebujete vysokov\u00fdkonn\u00e9 rie\u0161enie pre Va\u0161e emaily a potrebujete intuit\u00edvne a ve\u013emi r\u00fdchlo reaguj\u00face webov\u00e9 rozhranie, sme tu pre V\u00e1s.<\/p><p><strong>Web server<\/strong><\/p><p>Vysokov\u00fdkonn\u00fd webhosting pre Va\u0161e webov\u00e9 str\u00e1nky, ak potrebujete nekompromisn\u00fd v\u00fdkon pre Va\u0161e webov\u00e9 slu\u017eby sme tu.<\/p><p><strong>SMS br\u00e1na<\/strong><\/p><p>Potrebujete zasiela\u0165 hromadn\u00e9 SMS svojim zamsestnancom alebo z\u00e1kazn\u00edkom? SMS br\u00e1na poskytuje komforn\u00e9 web rozhranie, alebo je mo\u017en\u00e9 posiela\u0165 SMS spr\u00e1vy prostredn\u00edctvom GET pr\u00edkazu.<\/p>\t\t\t\t\t<\/div>\n\t\t\t\t\t\t<\/div>\n\t\t\t\t<\/div>\n\t\t\t\t<div class=\"elementor-element elementor-element-1e0978c elementor-widget elementor-widget-image\" data-id=\"1e0978c\" data-element_type=\"widget\" data-widget_type=\"image.default\">\n\t\t\t\t<div class=\"elementor-widget-container\">\n\t\t\t\t\t\t\t\t<div class=\"elementor-image\">\n\t\t\t\t\t\t\t\t\t\t\t\t<img decoding=\"async\" width=\"500\" height=\"300\" src=\"https:\/\/automonitoring.online\/web\/wp-content\/uploads\/2024\/01\/datawebsms.webp\" class=\"attachment-large size-large wp-image-5085\" alt=\"\" srcset=\"https:\/\/automonitoring.online\/web\/wp-content\/uploads\/2024\/01\/datawebsms.webp 500w, https:\/\/automonitoring.online\/web\/wp-content\/uploads\/2024\/01\/datawebsms-300x180.webp 300w\" sizes=\"(max-width: 500px) 100vw, 500px\" \/>\t\t\t\t\t\t\t\t\t\t\t\t\t\t<\/div>\n\t\t\t\t\t\t<\/div>\n\t\t\t\t<\/div>\n\t\t\t\t<div class=\"elementor-element elementor-element-c3034e5 elementor-widget-divider--view-line elementor-widget elementor-widget-divider\" data-id=\"c3034e5\" data-element_type=\"widget\" data-widget_type=\"divider.default\">\n\t\t\t\t<div class=\"elementor-widget-container\">\n\t\t\t\t\t<div class=\"elementor-divider\">\n\t\t\t<span class=\"elementor-divider-separator\">\n\t\t\t\t\t\t<\/span>\n\t\t<\/div>\n\t\t\t\t<\/div>\n\t\t\t\t<\/div>\n\t\t\t\t<div class=\"elementor-element elementor-element-606d70a elementor-widget elementor-widget-heading\" data-id=\"606d70a\" data-element_type=\"widget\" data-widget_type=\"heading.default\">\n\t\t\t\t<div class=\"elementor-widget-container\">\n\t\t\t<h2 class=\"elementor-heading-title elementor-size-default\">Vysokodostupn\u00e9 virtualiza\u010dn\u00e9 slu\u017eby pre kriticky d\u00f4le\u017eit\u00e9 aplik\u00e1cie<\/h2>\t\t<\/div>\n\t\t\t\t<\/div>\n\t\t\t\t<div class=\"elementor-element elementor-element-6dc1e61 elementor-widget elementor-widget-text-editor\" data-id=\"6dc1e61\" data-element_type=\"widget\" data-widget_type=\"text-editor.default\">\n\t\t\t\t<div class=\"elementor-widget-container\">\n\t\t\t\t\t\t\t\t<div class=\"elementor-text-editor elementor-clearfix\">\n\t\t\t\t<p>\u00a0<\/p><p>Architekt\u00fara hardwarov\u00e9ho rie\u0161enia na ktorej je prev\u00e1dzkovan\u00e1 slu\u017eba Virtualny server:<\/p><ol><li>Virtu\u00e1lne in\u0161tancie (V\u00e1\u0161 server) s\u00fa prev\u00e1dzkovan\u00e9 na serverovom clustri, ktor\u00fd je prev\u00e1dzkovan\u00fd v\u00a0re\u017eime High Availibility a\u00a0sklad\u00e1 sa z troch nez\u00e1visl\u00fdch hardwarov\u00fdch serverov, ak zlyh\u00e1 prim\u00e1rny server, spust\u00ed sa in\u0161tancia automaticky na z\u00e1lo\u017enom serveri. D\u00e1ta sa medzi diskov\u00fdmi poliami serverov aktualizuj\u00fa ka\u017ed\u00fdch 15 min\u00fat. Ka\u017ed\u00fd z troch serverov m\u00e1 vlastn\u00e9 diskov\u00e9 pole, ktor\u00e9 pracuje v\u00a0re\u017eime RAID5. Servery s\u00fa navz\u00e1jom prepojen\u00e9 prostredn\u00edctvom 10Gb\/s LAN siete.<\/li><li>D\u00e1ta z\u00a0virtualiza\u010dn\u00e9ho clustra sa z\u00e1lohuj\u00fa ka\u017ed\u00fdch 24hod\u00edn na nez\u00e1vislom NAS clustri, ktor\u00fd pozost\u00e1va z\u00a0dvoch NAS serverov taktie\u017e pracuj\u00facich v\u00a0re\u017eime High Availibility. Ka\u017ed\u00fd z\u00a0NAS serverov ma vlastn\u00e9 diskov\u00e9 pole pracuj\u00face v\u00a0re\u017eime RAID 5.<\/li><li>D\u00e1ta z\u00a0NAS clustra sa z\u00e1lohuj\u00fa ka\u017ed\u00fdch 24 hod\u00edn na NAS servery umiestnen\u00e9 v\u00a0in\u00fdch datacentr\u00e1ch, aby boli \u00fadaje ukladan\u00e9 na geograficky rozdielnych lokalit\u00e1ch.<\/li><li>Vieme poskytn\u00fa\u0165 aj z\u00e1lohovanie d\u00e1t z virtu\u00e1lneho servera v re\u00e1lnom \u010dase (d\u00e1ta sa synchronizuj\u00fa neust\u00e1le a d\u00e1ta na virtu\u00e1lnom serveri s\u00fa toto\u017en\u00e9 s d\u00e1tami na backup serveri)<\/li><li>V\u00a0pr\u00edpade katastrof\u00e1lneho zlyhania prim\u00e1rnej technol\u00f3gie prev\u00e1dzkovanej v\u00a0datacentre \u0161tandardu TIER4 (Dostupnos\u0165 99,998%, \u00farove\u0148 redundancie 2N+1) je mo\u017en\u00e9 spusti\u0165 virtu\u00e1lnu in\u0161tanciu z\u00a0poslednej dostupnej z\u00e1lohy na z\u00e1lo\u017enom virtualiza\u010dnom clustri v\u00a0inej lokalite (pri tomto rie\u0161en\u00ed sa zmen\u00ed verejn\u00e1 adresa virtu\u00e1lneho servera).<\/li><li>Konektivita technol\u00f3gie v\u00a0prim\u00e1rnom datacentre je zabezpe\u010dovan\u00e1 prev\u00e1dzkovate\u013eom datacentra s\u00a0dostupnos\u0165ou 99,995%. Nastavenia slu\u017eieb firewall a\u00a0VPN sa vykon\u00e1vaj\u00fa na z\u00e1klade po\u017eiadaviek z\u00e1kazn\u00edka.<\/li><li>Cel\u00fd technologick\u00fd re\u0165azec je monitorovan\u00fd dvomi doh\u013eadov\u00fdmi syst\u00e9mami, ktor\u00e9 v\u00a0pr\u00edpade zmeny nastaven\u00fdch parametrov syst\u00e9mov alebo v\u00a0pr\u00edpade v\u00fdpadku upozornia formou Emailu alebo SMS. Frekvencia monitorovania hardwaru je 5 min\u00fat. Jeden z\u00a0monitorovac\u00edch syst\u00e9mov je prev\u00e1dzkovan\u00fd mimo prim\u00e1rneho datacentra.<\/li><li>Spr\u00e1vy SMS s\u00fa zasielan\u00e9 z pr\u00edv\u00e1tnej SMS br\u00e1ny ktor\u00fa prev\u00e1dzkuje na\u0161a spolo\u010dnos\u0165 a v pr\u00edpade potreby vieme zabezpe\u010di\u0165 aj slu\u017ebu zasielania SMS spr\u00e1v. SMS br\u00e1na poskytuje komfortn\u00e9 web rozhranie, alebo je mo\u017en\u00e9 posiela\u0165 SMS spr\u00e1vy prostredn\u00edctvom GET pr\u00edkazu.<\/li><\/ol>\t\t\t\t\t<\/div>\n\t\t\t\t\t\t<\/div>\n\t\t\t\t<\/div>\n\t\t\t\t<div class=\"elementor-element elementor-element-0874d91 elementor-widget-divider--view-line elementor-widget elementor-widget-divider\" data-id=\"0874d91\" data-element_type=\"widget\" data-widget_type=\"divider.default\">\n\t\t\t\t<div class=\"elementor-widget-container\">\n\t\t\t\t\t<div class=\"elementor-divider\">\n\t\t\t<span class=\"elementor-divider-separator\">\n\t\t\t\t\t\t<\/span>\n\t\t<\/div>\n\t\t\t\t<\/div>\n\t\t\t\t<\/div>\n\t\t\t\t<div class=\"elementor-element elementor-element-076cc54 elementor-widget elementor-widget-image\" data-id=\"076cc54\" data-element_type=\"widget\" data-widget_type=\"image.default\">\n\t\t\t\t<div class=\"elementor-widget-container\">\n\t\t\t\t\t\t\t\t<div class=\"elementor-image\">\n\t\t\t\t\t\t\t\t\t\t\t\t<img loading=\"lazy\" decoding=\"async\" width=\"800\" height=\"566\" src=\"https:\/\/automonitoring.online\/web\/wp-content\/uploads\/2024\/01\/VPS-1024x724.jpg\" class=\"attachment-large size-large wp-image-5079\" alt=\"\" srcset=\"https:\/\/automonitoring.online\/web\/wp-content\/uploads\/2024\/01\/VPS-1024x724.jpg 1024w, https:\/\/automonitoring.online\/web\/wp-content\/uploads\/2024\/01\/VPS-300x212.jpg 300w, https:\/\/automonitoring.online\/web\/wp-content\/uploads\/2024\/01\/VPS-768x543.jpg 768w, https:\/\/automonitoring.online\/web\/wp-content\/uploads\/2024\/01\/VPS-1536x1086.jpg 1536w, https:\/\/automonitoring.online\/web\/wp-content\/uploads\/2024\/01\/VPS-2048x1448.jpg 2048w, https:\/\/automonitoring.online\/web\/wp-content\/uploads\/2024\/01\/VPS-600x424.jpg 600w\" sizes=\"(max-width: 800px) 100vw, 800px\" \/>\t\t\t\t\t\t\t\t\t\t\t\t\t\t<\/div>\n\t\t\t\t\t\t<\/div>\n\t\t\t\t<\/div>\n\t\t\t\t<\/div>\n\t\t\t\t\t<\/div>\n\t\t\t\t<\/div>\n\t\t\t\t\t\t\t\t\t<\/div>\n\t\t\t<\/div>\n\t\t\t\t\t<\/div>\n\t\t","protected":false},"excerpt":{"rendered":"<p>\u00davod Cloud Backup &#8211; z\u00e1lohujte, z\u00e1lohujte, z\u00e1lohujte! Z\u00e1lohujte svoje d\u00e1ta! Z\u00e1loha d\u00e1t, je jednou zo z\u00e1kladn\u00fdch ochr\u00e1n pred stratou alebo znehodnoten\u00edm Va\u0161ich d\u00f4le\u017eit\u00fdch \u00fadajov. Z\u00e1lohujte, \u010di u\u017e u n\u00e1s, alebo u in\u00e9ho spo\u013eahliv\u00e9ho poskytovate\u013ea, hlavne z\u00e1lohujte! \u010co je to slu\u017eba Cloud? Cloud je \u00falo\u017eisko pre Va\u0161e d\u00e1ta, ktor\u00e9 sp\u013a\u0148a najvy\u0161\u0161ie po\u017eiadavky na bezpe\u010dnos\u0165. Va\u0161e d\u00e1ta [&hellip;]<\/p>\n","protected":false},"author":9,"featured_media":0,"parent":0,"menu_order":0,"comment_status":"closed","ping_status":"closed","template":"","meta":{"_seopress_robots_primary_cat":"","_seopress_titles_title":"","_seopress_titles_desc":"","_seopress_robots_index":"","footnotes":""},"class_list":["post-5066","page","type-page","status-publish","hentry"],"_links":{"self":[{"href":"https:\/\/automonitoring.online\/web\/index.php?rest_route=\/wp\/v2\/pages\/5066","targetHints":{"allow":["GET"]}}],"collection":[{"href":"https:\/\/automonitoring.online\/web\/index.php?rest_route=\/wp\/v2\/pages"}],"about":[{"href":"https:\/\/automonitoring.online\/web\/index.php?rest_route=\/wp\/v2\/types\/page"}],"author":[{"embeddable":true,"href":"https:\/\/automonitoring.online\/web\/index.php?rest_route=\/wp\/v2\/users\/9"}],"replies":[{"embeddable":true,"href":"https:\/\/automonitoring.online\/web\/index.php?rest_route=%2Fwp%2Fv2%2Fcomments&post=5066"}],"version-history":[{"count":18,"href":"https:\/\/automonitoring.online\/web\/index.php?rest_route=\/wp\/v2\/pages\/5066\/revisions"}],"predecessor-version":[{"id":5092,"href":"https:\/\/automonitoring.online\/web\/index.php?rest_route=\/wp\/v2\/pages\/5066\/revisions\/5092"}],"wp:attachment":[{"href":"https:\/\/automonitoring.online\/web\/index.php?rest_route=%2Fwp%2Fv2%2Fmedia&parent=5066"}],"curies":[{"name":"wp","href":"https:\/\/api.w.org\/{rel}","templated":true}]}}